 - 943, -a + 2*w + 22431 = 0. List the prime factors of a.
17, 1319
Suppose -117*f + 24*f = -458862. What are the prime factors of f?
2, 2467
Suppose 40*l - 1271144 = -29*l + 13*l. List the prime factors of l.
22699
Suppose -48280 - 115464 = -23*q - 5*q. List the prime factors of q.
2, 17, 43
Suppose -y = 5*q - 1823, 0 = -4*q - 2*y + 1381 + 81. Let u = q - 193. List the prime factors of u.
3, 19
Suppose -154*t + 151*t - n = -25617, 5*n = 2*t - 17112. What are the prime factors of t?
3, 13, 73
Suppose 2*b + 5*a = 816, 3*b + 29*a - 1217 = 25*a. Suppose 399*d = b*d - 840. What are the prime factors of d?
2, 3, 5, 7
Suppose -231*o - 104 = -233*o. What are the prime factors of o/7*(-322)/(-4)?
2, 13, 23
Let d be (450*(-5)/10)/(2/(-4)). What are the prime factors of (274/(-10) + 2)/((-90)/d)?
127
Let n = -773 + 521. What are the prime factors of 72/n + (-2473)/(-7)?
353
Suppose -2*t + 137 = -5*t + s, -3*t = 5*s + 161. Let f = t + 50. Let q(r) = 40*r - 6. What are the prime factors of q(f)?
2, 3, 19
Let o(x) be the second derivative of -11*x + 5/2*x**2 + 1/6*x**4 + 2*x**3 + 0. What are the prime factors of o(6)?
149
Let l = -573 + 465. What are the prime factors of ((-291)/9)/(18/l)?
2, 97
Suppose 2170*l = -2*y + 2169*l + 13896, 0 = -2*y + 5*l + 13908. List the prime factors of y.
6949
Let d be 112*(147/(-24) + 3/24). Let k = -150 - d. List the prime factors of k.
2, 3, 29
Suppose 4*l = 7*q - 4*q + 204, -3*q - 96 = -2*l. Suppose l*d + 8360 = 62*d. List the prime factors of d.
5, 11, 19
Let m be (-4)/(-14) + (-6 - (-702)/91). Let j = -66 - -99. Let f = m + j. List the prime factors of f.
5, 7
Suppose 84*b - 71212 = 52520. List the prime factors of b.
3, 491
Let u(o) be the first derivative of -o**2 + 36*o + 473. Let c be 2 - 1 - (3 - 8). List the prime factors of u(c).
2, 3
Let z(h) = 10*h**3 - 289*h**2 - 21*h - 67. List the prime factors of z(29).
3, 5, 11
Suppose -10 = 9*v - 37. Suppose 4*j = 5*h - 4, h + 3*j = -h - v. Suppose 4*z - 5*d - 139 = h, 0*d = d - 1. List the prime factors of z.
2, 3
Let g(h) be the first derivative of -h**3/3 - 4*h**2 - 10*h - 39. Let n be g(-5). Suppose -550 = -3*u - n*k, 9*u - 4*u - 926 = k. List the prime factors of u.
5, 37
Suppose -8*p = 3*p - 9*p. Suppose p = -4*s + 5691 - 951. List the prime factors of s.
3, 5, 79
Let o = 12198 + -4899. What are the prime factors of o?
3, 811
Let b(g) = -g**2 - 3*g + 72. Let z be b(-10). Suppose -z*f + 1718 = 2*k, -2*f = k + 365 - 2081. List the prime factors of f.
857
Suppose 3*f - 3575 = -2*l, -3*l - 10 = -4. List the prime factors of f.
1193
Let a = -260 - -399. Suppose 232 = 2*v + 136. Suppose -a = -6*b + 3*b - 2*x, -b - x = -v. What are the prime factors of b?
43
Suppose -5*a = -5*l - 10, 2*l - 8*a + 3*a = 11. Let g(j) = 8*j**2 + 10*j + 44. What are the prime factors of g(l)?
2, 3, 61
Suppose 3202*d + 360 = 3214*d. Let w be 13/(-2*(-1)/8). Let l = w + d. List the prime factors of l.
2, 41
What are the prime factors of 5*((-513)/81)/(15/(-11817))?
13, 19, 101
Let z(u) = -u**2 + 6*u - 7. Let o be z(6). What are the prime factors of (33360/360)/(1 + o/9)?
3, 139
Suppose -a + 4*h - 30 = 0, 5*a = 4*a - 2*h - 6. List the prime factors of a/6 - (-2305)/3.
2, 383
Suppose 0 = -i - h + 601, -2*i = -i - h - 605. Let u = 694 - i. List the prime factors of u.
7, 13
What are the prime factors of -2 + -4 + -1 + 4*(3143 - -4)?
23, 547
Let u = 3050 + -4868. What are the prime factors of u*(-3 + 48/18)?
2, 3, 101
Let g = 76 + -73. Suppose -g*m + 996 - 243 = 0. What are the prime factors of m?
251
Let z(n) = n**3 - 4*n**2 - 18*n - 31. Suppose -201 = -16*w - 57. List the prime factors of z(w).
2, 53
Let h(u) be the third derivative of -u**6/120 + 7*u**5/30 + 7*u**4/12 + u**3/2 - 20*u**2 + 2*u. List the prime factors of h(13).
2, 3, 59
Let q(m) = 15 - 6*m - 11 + m**3 - m**2 + 2*m + m. Let p be q(2). Let f(b) = 37*b + 3. List the prime factors of f(p).
7, 11
Let l(c) = -3*c**3 - 19*c**2 - 2*c - 38. Suppose 6*z = 4*n + 3*z + 42, 10 = -2*n - 4*z. List the prime factors of l(n).
2, 157
Let v be (-21 + 6 - -12)*8. Let x(r) = 44*r. Let n be x(1). Let f = v + n. What are the prime factors of f?
2, 5
Suppose 0 = 6*u - 7*u + 36. Let w = u + -38. List the prime factors of 4/10 - (806/5)/w.
3
Let z(c) = 238*c**2 + 219*c + 904. List the prime factors of z(-4).
2, 7, 137
Suppose 5*j - 169 - 51 = 0. Let x be (74/4)/(11/j). Suppose -t + 23 = -x. What are the prime factors of t?
97
Let p(t) = 40*t**2 - 12*t + 74. List the prime factors of p(-4).
2, 3, 127
Suppose -8 = 177*l - 179*l. Suppose 2*u - 1373 = 3*s, u - l*s + 317 = 1016. List the prime factors of u.
7, 97
Suppose -80*w + 167103 = -74417. What are the prime factors of w?
3019
Let z = 660 + -630. Let s(m) = -2*m**3 + 63*m**2 - 72*m - 70. What are the prime factors of s(z)?
2, 5, 47
Let u(k) = -69*k**3 - k**2 + 24*k + 21. What are the prime factors of u(-7)?
7, 479
Suppose t - f = -37, 4*t + 0*t = -3*f - 148. Let n = 319 - t. Suppose 2*j + 2*j - n = 0. List the prime factors of j.
89
Let c be ((-22)/(-33))/((-11)/6 + 2). Suppose -f - 7055 = -5*y, c*f = -0*y + 3*y - 4250. Suppose 0 = 13*n - 3*n - y. List the prime factors of n.
3, 47
Suppose 65*q - 66*q + 17842 = i, 0 = -3*i - 2*q + 53526. List the prime factors of i.
2, 11, 811
Let h = 20849 + -8892. List the prime factors of h.
11, 1087
List the prime factors of (-558)/(-155) - 286724/(-10).
2, 67, 107
What are the prime factors of (-1 - -4214 - -1) + -117 + 112?
3, 23, 61
Suppose -3*a - 2*a + 950 = 0. Let m(y) = -14*y**2 - y - 1. Let p be m(3). Let t = a + p. List the prime factors of t.
2, 3, 5
Let k(z) = -18*z + 13. Let t(a) = -9*a**3 - a**2 + 3*a - 3. Let c be 32/24 + 1/(-3). Let i be t(c). What are the prime factors of k(i)?
193
What are the prime factors of -6 + ((-24)/(-32)*8 - 7) + 1949?
2, 971
What are the prime factors of 6 - ((-467019)/21 + (-2 - -8))?
3, 7, 353
Let k = -31 - -31. Suppose k = 43*u - 40*u - 12. Suppose -27 = u*j - 59. What are the prime factors of j?
2
What are the prime factors of (3/12)/(2/1752)?
3, 73
Let w(z) = 28*z**2 - 14*z - 47. What are the prime factors of w(-5)?
3, 241
Let j be (84/35)/(-12)*(1 - 1). Suppose -4*r + 2126 - 114 = j. List the prime factors of r.
503
Let n(q) = q**2 + 28*q + 30. Let z be n(20). Suppose -12*t + z = -2*t. What are the prime factors of t?
3, 11
List the prime factors of (1453/5 - 1)/(3268/187910).
2, 23, 181
Let n(x) = -2*x**2 + 26*x + 60. Let o be n(15). Suppose o = 18*k - 5527 + 1045. List the prime factors of k.
3, 83
Suppose -211 = 10*l - 26891. Suppose 66*x - 89*x = -l. List the prime factors of x.
2, 29
List the prime factors of 100/16*1/(-1 + 88533/88524).
5, 2459
Let j(x) = x**2 + 2*x. Let c(p) = p**2 + 20*p + 19. Let n be c(-19). Let i be j(n). Let m(o) = o**3 + o**2 + 2*o + 68. List the prime factors of m(i).
2, 17
Suppose 3*k = 5*p - 4007, 0*k = -4*p + 2*k + 3204. List the prime factors of p.
17, 47
Let h(i) = -i**3 + 14*i**2 + 18*i - 8. Let x be h(16). Let s = 596 + x. Suppose 491 = 5*r - s. List the prime factors of r.
3, 19
Suppose -c + 5347 = 2*l, 15517 = 5*c - 3*l - 11283. What are the prime factors of c?
11, 487
Let s(p) = -p**2 - 10*p - 19. Let v be s(-7). Suppose 3*r + 4*i - 187 = 0, -3*i = v*r - 129 + 3. Suppose 2*y = 3*y - r. What are the prime factors of y?
3, 19
Let p = 5814 + 11073. List the prime factors of p.
3, 13, 433
Let r(z) = z**2 + 1182*z + 2*z**3 - 1181*z - 3*z**3 + 2. Let x be r(-4). Suppose 0 = 5*g - 483 + x. List the prime factors of g.
3
Suppose 40 + 28 = 17*x. Suppose 0*o + x*t = -o + 54, o - 3*t = 75. List the prime factors of o.
2, 3, 11
Suppose 2*k + 18 = 4*y, 2*y + 3*k + 13 - 10 = 0. List the prime factors of y + 775 - (10 - 8).
2, 97
Let v = 111 + -98. Suppose 0 = -v*f - 24*f + 15207. List the prime factors of f.
3, 137
Let h = -689 - -659. Let j(m) = -8*m + 93. What are the prime factors of j(h)?
3, 37
Let f(o) = o - 2*o + 15 + 7 - 6*o + 12. Let q(j) = -25*j**3 + 2*j**2 - 2*j + 1. Let w be q(1). What are the prime factors of f(w)?
2, 101
Suppose -4*q - 32064 = -4*s, -3*s - 5*q - 10097 = -34105. List the prime factors of s.
8011
Suppose -1207024 = 1219*l - 1271*l. What are the prime factors of l?
2, 7, 829
Let y(w) be the third derivative of w**5/15 + w**4/12 + 8*w**3/3 + 3*w**2. Suppose 27*k - 4